 662*p - 663. Calculate z(1).
36
Let k(w) = -2*w**3 - 82*w**2 - 571*w + 41. Give k(-9).
-4
Let k(b) = 591*b - 76245. What is k(129)?
-6
Let z(i) = i**3 - i**2 - i - 17. Determine z(5).
78
Let i(k) = -9*k + 542. What is i(62)?
-16
Let n(t) = 4*t**2 + 12*t + 2. Determine n(8).
354
Let o(z) = 2*z**2 - 161*z + 1864. Calculate o(67).
55
Let n(v) = -v**2 + 82*v + 75. Give n(83).
-8
Let a(x) = -80*x + 10593. Determine a(133).
-47
Let v(k) = -k**3 + 55*k**2 - 52*k - 112. Determine v(54).
-4
Let a(q) = -12*q**2 - 85*q - 22. Calculate a(-7).
-15
Let q(a) = 254*a + 3551. Determine q(-14).
-5
Let i(a) = 26*a**2 + 13*a - 12. Calculate i(1).
27
Let a(h) = -6*h**3 + 21*h**2 + 81*h - 267. Determine a(3).
3
Let c(n) = 2*n**3 - 8*n**2 - 24*n + 90. Calculate c(7).
216
Let i(x) = -x**2 - 60*x + 931. Calculate i(13).
-18
Let i(p) = -16351*p + 65405. Determine i(4).
1
Let m(z) = -9*z - 179. What is m(-14)?
-53
Let v(g) = -6*g + 56. Give v(3).
38
Let a(v) = -2745*v - 10977. Determine a(-4).
3
Let v(u) = -u**2 - 3638*u - 25428. Calculate v(-7).
-11
Let b(u) = 872*u + 21857. Give b(-25).
57
Let c(m) = -2*m**3 - 32*m**2 - 27*m + 25. Calculate c(-15).
-20
Let n(t) = 2*t**2 - 546*t + 2186. Give n(4).
34
Let u(w) = -w**2 + 465*w - 3663. Give u(8).
-7
Let z(b) = -39*b + 911. What is z(24)?
-25
Let n(u) = 407*u - 11784. Give n(29).
19
Let r(n) = -3*n**3 + 65*n**2 + 153*n + 364. What is r(24)?
4
Let g(i) = i**3 + 12*i**2 + 23*i + 13. Calculate g(-10).
-17
Let r(b) = 2*b**2 - 124*b + 770. What is r(7)?
0
Let q(r) = 311*r**2 - 2803*r + 54. What is q(9)?
18
Let d(b) = 12*b**2 - 97*b - 3. Determine d(0).
-3
Let x(p) = -14*p**2 + 12*p + 70. Determine x(-5).
-340
Let h(o) = 2*o**3 + 17*o**2 - 8*o - 103. Calculate h(-8).
25
Let u(a) = -72*a - 152. Determine u(-4).
136
Let z(o) = -305*o - 52467. Determine z(-172).
-7
Let u(v) = 25*v - 175. What is u(6)?
-25
Let w(m) = -19*m**2 + 144*m - 7. Determine w(8).
-71
Let a(u) = 2*u**2 + 21*u + 103. Give a(-6).
49
Let b(l) = l**3 - 49*l**2 + 88*l + 280. Give b(47).
-2
Let o(y) = 12*y + 576. What is o(-50)?
-24
Let l(d) = -12*d**2 - 179*d + 38. What is l(-15)?
23
Let j(f) = -1724*f + 20746. What is j(12)?
58
Let n(t) = -18*t**2 - 161*t + 185. Calculate n(-10).
-5
Let c(i) = 3*i**2 - 325*i + 422. What is c(107)?
-6
Let o(k) = -k**3 + 14*k**2 - k + 6. Determine o(13).
162
Let i(w) = -2*w**2 - 59*w - 85. Determine i(-32).
-245
Let w(g) = g**2 + 173*g - 343. Give w(2).
7
Let m(g) = g**3 + 14*g**2 + 91*g + 1951. What is m(-16)?
-17
Let v(p) = -258*p - 45170. Give v(-175).
-20
Let c(r) = r**2 + 109*r + 181. What is c(0)?
181
Let g(a) = -17*a - 127. Determine g(-14).
111
Let x(d) = -d**3 - 61*d**2 - 122*d - 200. Calculate x(-59).
36
Let l(a) = 18*a**2 - 66*a + 6. Determine l(5).
126
Let u(h) = 52*h**2 - 11*h + 4. Determine u(-2).
234
Let q(p) = -17*p + 1286. What is q(76)?
-6
Let c(u) = 1204*u + 4809. Calculate c(-4).
-7
Let z(i) = -i**3 + 9*i**2 + 322*i + 4. Give z(23).
4
Let p(z) = z**3 + 3*z**2 + 12*z + 25. What is p(-4)?
-39
Let f(i) = i**3 - 21*i**2 - 12*i + 75. Determine f(8).
-853
Let f(j) = -j**2 - 99*j - 17. Determine f(-99).
-17
Let g(i) = 2*i**3 + 23*i**2 + 58*i - 2. Determine g(-3).
-23
Let q(w) = -2*w - 13. Calculate q(-2).
-9
Let k(r) = 2*r**3 + r**2 - 28*r + 48. Give k(3).
27
Let g(k) = -k**2 - 128*k - 3961. Determine g(-53).
14
Let r(w) = -3*w**3 - 89*w**2 - 525*w - 350. Determine r(-7).
-7
Let j(q) = 70*q - 1458. What is j(21)?
12
Let r(x) = -647*x - 1292. Calculate r(-2).
2
Let p(x) = -23*x**3 + 14*x**2 + 27*x - 41. What is p(1)?
-23
Let b(l) = 825*l - 14030. Calculate b(17).
-5
Let t(v) = -v**3 + 49*v**2 - 569*v - 338. What is t(29)?
-19
Let n(o) = -57*o + 5948. What is n(104)?
20
Let d(n) = -18*n**2 - 71*n - 72. Give d(-1).
-19
Let i(h) = -2*h**3 + 13*h**2 + 21*h - 11. Give i(8).
-35
Let a(u) = 5*u**2 + 61*u + 20. Calculate a(-12).
8
Let d(f) = -2*f + 78. Calculate d(30).
18
Let m(l) = -2*l**2 + 42*l + 135. Calculate m(24).
-9
Let r(z) = 737*z + 3049. Give r(-4).
101
Let p(y) = 8*y**2 + 41*y - 127. Calculate p(3).
68
Let o(s) = -s**2 - 244*s - 1655. Calculate o(-7).
4
Let b(k) = -7*k + 271. Give b(35).
26
Let x(o) = 2*o**2 - 70*o + 494. Determine x(9).
26
Let i(h) = 40*h + 1178. Determine i(-30).
-22
Let n(h) = -159*h + 1067. Give n(7).
-46
Let c(y) = 40*y - 3128. What is c(79)?
32
Let c(w) = -w**3 - 68*w**2 + 70*w - 8. Give c(-69).
-77
Let t(y) = y**3 - 5*y**2 - 14*y + 6. Calculate t(-3).
-24
Let j(w) = -w**3 + 11*w**2 - 10*w + 2. Calculate j(10).
2
Let z(i) = -i**2 + 11*i - 26. Calculate z(6).
4
Let o(n) = n**3 - 5*n**2 + 18*n - 144. Calculate o(6).
0
Let x(l) = l**3 - 136*l**2 + 2859*l + 118. Calculate x(110).
8
Let o(v) = 3*v**2 + 48*v - 44. What is o(-10)?
-224
Let x(s) = 2*s**3 + 33*s**2 + 44*s - 619. What is x(-7)?
4
Let v(s) = 23*s**2 + 10*s + 4. Calculate v(-5).
529
Let w(y) = y**3 + 26*y**2 + 108*y + 478. Give w(-22).
38
Let t(h) = h**2 + 240*h + 1922. What is t(-8)?
66
Let z(r) = -r**3 + 33*r**2 - 21*r + 43. Give z(32).
395
Let l(r) = 2*r**3 + 84*r**2 + 232*r - 74. Give l(-39).
4
Let z(r) = 19*r**2 + 120*r + 44. What is z(-6)?
8
Let z(p) = -14*p**2 + 50*p - 47. Calculate z(2).
-3
Let w(h) = -h**3 - 4*h**2 + 60*h + 165. What is w(-8)?
-59
Let t(n) = -n**2 - 13*n + 40. Give t(3).
-8
Let d(o) = -2*o**2 + 705*o + 4296. What is d(-6)?
-6
Let j(o) = -140*o + 1674. What is j(12)?
-6
Let g(s) = 14*s + 9. Calculate g(5).
79
Let m(p) = p**3 - 250*p**2 - 1040*p - 84. What is m(-4)?
12
Let i(f) = 47*f + 342. Determine i(-11).
-175
Let s(d) = 2*d**3 - 58*d**2 - 336*d + 5. Calculate s(-5).
-15
Let k(u) = 3*u**2 - 90*u - 9. Give k(29).
-96
Let z(u) = 19*u - 280. Determine z(15).
5
Let q(u) = -u**3 + 34*u**2 + 34*u + 122. What is q(35)?
87
Let z(s) = 7*s**2 + 76*s + 219. Calculate z(-4).
27
Let f(j) = 1103*j - 24264. Calculate f(22).
2
Let b(q) = q**3 + 31*q**2 + 157*q - 268. Give b(-24).
-4
Let d(w) = -85*w - 2174. Determine d(-26).
36
Let v(a) = a - 91. Determine v(-1).
-92
Let x(a) = 19*a + 25. Calculate x(-1).
6
Let d(v) = -v**2 - 8*v + 21. What is d(5)?
-44
Let b(y) = 22*y + 20. Determine b(4).
108
Let s(p) = -4*p + 30. What is s(-8)?
62
Let s(m) = 166*m + 31530. Determine s(-190).
-10
Let h(k) = -133*k - 26488. What is h(-199)?
-21
Let m(w) = w**3 + 27*w**2 + 91*w + 44. Give m(-23).
67
Let v(t) = 4*t**2 + 54*t + 191. Give v(-6).
11
Let w(o) = -89*o - 6549. Determine w(-73).
-52
Let u(i) = -10*i**2 - 218*i - 40. Determine u(-21).
128
Let b(w) = -w**3 - 126*w**2 + 521*w - 1. Calculate b(4).
3
Let p(j) = -92*j**3 + 2*j**2 + j - 1. Give p(1).
-90
Let h(u) = -50*u + 399. What is h(7)?
49
Let w(h) = 51*h + 2818. What is w(-55)?
13
Let w(s) = 8*s**2 - 49*s - 55. Give w(7).
-6
Let v(m) = 594*m - 23750. Determine v(40).
10
Let d(f) = 44*f - 491. Calculate d(11).
-7
Let k(d) = -d**3 + 15*d**2 + 11*d - 166. Give k(15).
-1
Let n(c) = 2*c**2 - 33*c + 21. Determine n(14).
-49
Let q(b) = -110*b - 5523. Give q(-50).
-23
Let p(l) = -2*l**3 - 32*l**2 - 54*l + 22. Determine p(-14).
-6
Let p(n) = -n**2 + 14*n + 1624. Calculate p(-34).
-8
Let d(x) = 81*x + 591. What is d(-8)?
-57
Let h(o) = -2*o**2 + 465*o - 1802. Calculate h(4).
26
Let l(v) = -352*v + 76. What is l(1)?
-276
Let a(y) = -44*y + 188. What is a(12)?
-340
Let a(u) = -u**3 - 83*u**2 + 166*u - 338. Give a(-85).
2
Let l(k) = -k**3 - 82*k**2 + 127*k - 3450. Calculate l(-84).
-6
Let r(f) = 2*f**3 - 112*f**2 + 112*f - 66. Give r(55).
44
Let p(m) = -2085*m - 43779. Calculate p(-21).
6
Let x(h) = -h**3 + 43*h**2 - 10*h + 366. Calculate x(43).
-64
Let m(t) = -2*t**3 + 5*t**2 - 14*t + 17. Determine m(3).
-34
Let v(d) = 2*d**3 + 20*d**2 + 17*d + 78. What is v(-6)?
264
Let h(q) = 83*q + 54. Determine h(0).
54
Let h(v) = -25*v + 1732. What is h(63)?
157
Let h(o) = 302*o + 5134. Calculate h(-17).
0
Let p(y) = -178*y - 1240. Calculate p(-7).
6
Let k(f) = -376*f - 4990. Determine k(-13).
-102
Let m(c) = 2*c**2 + 18*c + 49. Determine m(-7).
21
Let g(w) = w**3 - 14*w**2 - 2253*w + 78. What is g(-41)?
-4
Let j(m) = -m**3 - 14*m**2 - 4*m - 62. Calculate j(-14).
-6
Let y(b) = -15*b - 183. What is y(-10)?
-33
Let x(y) = -3*y**3 + 71*y**2 - 168*y + 2813. Determine x(23).
7
Let v(q) = 9*q**2 + 488*q + 6455. Calculate v(-23).
-8
Let t(m) = 2*m**2 + 53*m + 228. Give t(-18).
-78
Let b(f) = 2*f**3 + 76*f**2 -